ctor of 2857512?
True
Does 22 divide 578424?
True
Is 295695 a multiple of 45?
True
Is 901163 a multiple of 583?
False
Does 12 divide 2012?
False
Does 98 divide 272636?
True
Does 46 divide 2398118?
True
Is 274 a factor of 287516?
False
Is 31 a factor of 13113?
True
Is 2046191 a multiple of 59?
False
Is 498359 a multiple of 53?
True
Is 10 a factor of 2998190?
True
Is 7415016 a multiple of 57?
True
Is 14036 a multiple of 264?
False
Does 180 divide 126652?
False
Does 1142 divide 3628032?
False
Is 17034084 a multiple of 981?
True
Is 1025459 a multiple of 20?
False
Is 15 a factor of 89762?
False
Does 27 divide 363933?
True
Does 318 divide 502122?
True
Does 133 divide 271187?
True
Is 24 a factor of 271038?
False
Is 140 a factor of 47040?
True
Is 8856 a multiple of 18?
True
Is 10 a factor of 6131368?
False
Is 423444 a multiple of 42?
True
Does 85 divide 195959?
False
Does 109 divide 138941?
False
Is 16 a factor of 43936?
True
Does 10 divide 3628030?
True
Is 23 a factor of 96814?
False
Is 14 a factor of 2260370?
True
Is 388775 a multiple of 19?
False
Is 28 a factor of 401296?
True
Is 23 a factor of 220639?
True
Is 2330 a multiple of 6?
False
Is 4957857 a multiple of 50?
False
Is 11 a factor of 5997?
False
Is 258745 a multiple of 18?
False
Does 180 divide 681935?
False
Is 192 a factor of 2778383?
False
Does 658 divide 650523?
False
Does 2 divide 915957?
False
Is 133871 a multiple of 19?
False
Is 56 a factor of 3913896?
True
Does 307 divide 382616?
False
Does 47 divide 80526?
False
Is 57 a factor of 13264605?
False
Is 64992 a multiple of 24?
True
Is 3694952 a multiple of 93?
False
Does 7 divide 7575727?
False
Is 136899 a multiple of 53?
True
Is 246 a factor of 76260?
True
Does 12 divide 191406?
False
Is 161967 a multiple of 63?
False
Does 28 divide 325556?
True
Does 11 divide 414437?
False
Is 32594 a multiple of 379?
True
Is 22 a factor of 31900?
True
Is 17 a factor of 256938?
True
Is 101680 a multiple of 40?
True
Is 231171 a multiple of 307?
True
Is 32 a factor of 6663552?
True
Is 114 a factor of 1919988?
True
Does 2 divide 178927?
False
Is 31 a factor of 100099?
True
Is 208692 a multiple of 102?
True
Does 17 divide 14562982?
True
Does 676 divide 5676165?
False
Is 65 a factor of 537875?
True
Is 29 a factor of 162661?
True
Is 187522 a multiple of 35?
False
Is 148333 a multiple of 94?
False
Is 138 a factor of 181257?
False
Does 16 divide 54887?
False
Is 254 a factor of 286079?
False
Is 446 a factor of 51290?
True
Does 19 divide 5938360?
False
Is 45971 a multiple of 10?
False
Is 19 a factor of 919942?
True
Is 35 a factor of 31045?
True
Is 38 a factor of 2008617?
False
Is 3943146 a multiple of 48?
False
Is 50 a factor of 145650?
True
Is 54 a factor of 7257330?
True
Does 94 divide 289614?
True
Does 202 divide 3549544?
True
Is 1330 a factor of 6945260?
True
Does 100 divide 3680300?
True
Is 179 a factor of 776227?
False
Is 549 a factor of 115528?
False
Is 35 a factor of 852736?
False
Does 15 divide 109665?
True
Is 51 a factor of 33246?
False
Is 1312 a factor of 1105944?
False
Is 108 a factor of 2395450?
False
Is 101 a factor of 35723?
False
Is 243 a factor of 888894?
True
Does 555 divide 2968938?
False
Is 253 a factor of 45839?
False
Is 7863218 a multiple of 22?
True
Does 12 divide 372844?
False
Is 5 a factor of 165314?
False
Is 155 a factor of 1608435?
True
Is 245801 a multiple of 452?
False
Does 11 divide 172304?
True
Does 53 divide 9277703?
True
Does 12 divide 476604?
True
Is 10888416 a multiple of 28?
True
Is 3 a factor of 92758?
False
Does 1622 divide 5221218?
True
Is 5142417 a multiple of 22?
False
Is 71946 a multiple of 18?
True
Does 17 divide 92633?
True
Does 129 divide 449782?
False
Does 121 divide 310849?
True
Is 21 a factor of 349199?
False
Does 1224 divide 2522664?
True
Does 96 divide 3825312?
True
Is 773540 a multiple of 20?
True
Is 31 a factor of 661?
False
Does 9 divide 127797?
False
Does 113 divide 13677?
False
Is 791232 a multiple of 13?
True
Does 22 divide 15972?
True
Does 356 divide 3462812?
True
Does 3 divide 245088?
True
Is 805 a factor of 2720900?
True
Does 723 divide 15183?
True
Is 200 a factor of 31400?
True
Is 11457328 a multiple of 13?
False
Is 4992827 a multiple of 173?
False
Is 418590 a multiple of 74?
False
Is 106 a factor of 387518?
False
Is 1654 a factor of 790701?
False
Does 31 divide 339698?
True
Is 1424566 a multiple of 17?
True
Does 15 divide 395115?
True
Is 1063088 a multiple of 152?
True
Is 217 a factor of 838804?
False
Does 5 divide 6032?
False
Is 25200 a multiple of 175?
True
Is 15 a factor of 54365?
False
Is 74 a factor of 1697190?
True
Is 108296 a multiple of 160?
False
Is 168 a factor of 6546120?
True
Is 113 a factor of 154471?
True
Is 47457 a multiple of 4?
False
Is 525745 a multiple of 14?
False
Does 182 divide 4307314?
False
Does 107 divide 1243896?
False
Is 1327911 a multiple of 52?
False
Is 1069068 a multiple of 22?
True
Is 1738272 a multiple of 12?
True
Does 230 divide 182620?
True
Does 676 divide 4114136?
True
Is 4923312 a multiple of 332?
False
Does 146 divide 1749006?
False
Does 27 divide 231363?
True
Is 222 a factor of 1756908?
True
Does 18 divide 156191?
False
Does 38 divide 140828?
True
Is 11 a factor of 584803?
False
Does 160 divide 3083680?
True
Is 1866 a factor of 6404112?
True
Is 9 a factor of 18974106?
True
Is 389 a factor of 2981806?
False
Does 16 divide 400544?
True
Is 12 a factor of 86892?
True
Is 1040976 a multiple of 36?
True
Is 21 a factor of 3949?
False
Is 10 a factor of 47410?
True
Does 4 divide 88501?
False
Is 900640 a multiple of 16?
True
Does 62 divide 356500?
True
Does 2 divide 1088?
True
Is 16 a factor of 1924480?
True
Is 3 a factor of 43021?
False
Is 35 a factor of 869380?
False
Does 309 divide 19776?
True
Is 679880 a multiple of 10?
True
Is 663516 a multiple of 18?
True
Does 2 divide 1711961?
False
Does 12 divide 1576212?
True
Is 3700939 a multiple of 1485?
False
Is 22240 a multiple of 16?
True
Is 116342 a multiple of 30?
False
Is 42 a factor of 217602?
True
Is 101 a factor of 2180691?
True
Is 133 a factor of 339150?
True
Is 21054924 a multiple of 36?
True
Does 1205 divide 2014347?
False
Is 16871101 a multiple of 19?
False
Is 176485 a multiple of 235?
True
Is 24 a factor of 1612856?
False
Is 11 a factor of 475306?
False
Is 8 a factor of 256028?
False
Is 416 a factor of 3877756?
False
Is 7 a factor of 71155?
True
Does 547 divide 1727973?
True
Is 253 a factor of 194810?
True
Is 89 a factor of 331544?
False
Does 99 divide 12672?
True
Is 43 a factor of 185889?
True
Does 33 divide 262595?
False
Is 14 a factor of 2814887?
False
Is 700719 a multiple of 67?
False
Does 104 divide 12948874?
False
Does 9 divide 744012?
True
Does 28 divide 51548?
True
Is 261 a factor of 2707614?
True
Is 187 a factor of 6798044?
False
Is 741 a factor of 1979211?
True
Does 221 divide 2671067?
False
Is 4141026 a multiple of 402?
False
Is 15253195 a multiple of 190?
False
Is 342880 a multiple of 10?
True
Does 361 divide 146555?
False
Is 5 a factor of 9190?
True
Is 2 a factor of 14262?
True
Is 40386 a multiple of 6?
True
Is 41808 a multiple of 24?
True
Is 204732 a multiple of 564?
True
Is 6253286 a multiple of 598?
True
Does 45 divide 154175?
False
Is 129823 a multiple of 6?
False
Is 472603 a multiple of 2?
False
Is 373598 a multiple of 19?
False
Is 68 a factor of 671704?
True
Does 125 divide 8750?
True
Does 21 divide 2560026?
True
Does 29 divide 519361?
True
Is 7364682 a multiple of 11?
False
Is 220 a factor of 169385?
False
Does 32 divide 2643560?
False
Is 227853 a multiple of 59?
False
Is 262679 a multiple of 64?
False
Does 719 divide 307047?
False
Is 22 a factor of 92444?
True
Is 132413 a multiple of 54?
False
Does 4 divide 1113174?
False
Is 2557368 a multiple of 22?
True
Is 120140 a multiple of 133?
False
Is 969629 a multiple of 12?
False
Does 21 divide 26901?
True
Is 45 a factor of 500940?
True
Does 26 divide 86799?
False
Is 1928267 a multiple of 11?
True
Does 152 divide 54563?
False
Is 920802 a multiple of 498?
True
Does 63 divide 90405?
True
Does 299 divide 21971873?
False
Is 68 a factor of 7726064?
False
Is 928 a factor of 2141824?
True
Does 41 divide 4015007?
True
Is 125 a factor of 2318375?
True
Is 161249 a multiple of 137?
True
Is 217 a factor of 260183?
True
Is 2 a factor of 2603909?
False
Is 52 a facto